 is 12133 + -1000?
11133
In base 8, what is 10 + -31550?
-31540
In base 6, what is 2 + 10013212?
10013214
In base 3, what is 1120110112221 - -10?
1120110120001
In base 12, what is 860a + 0?
860a
In base 11, what is 10479 - 0?
10479
In base 5, what is -10213 - 11?
-10224
In base 12, what is 7 + -33493?
-33488
In base 3, what is 2012001201 + 0?
2012001201
In base 15, what is -3 + -173c52?
-173c55
In base 13, what is -17c46b - -1?
-17c46a
In base 2, what is 10101001011111110 - -101?
10101001100000011
In base 12, what is -b705 - 161?
-b866
In base 7, what is 216005 - 4?
216001
In base 12, what is 33b46 - -9?
33b53
In base 16, what is a7 + -60c?
-565
In base 7, what is -444432 + 5?
-444424
In base 8, what is -61165 - 24?
-61211
In base 4, what is -1223211 - -3?
-1223202
In base 12, what is 2b690 + 2?
2b692
In base 6, what is 13452404 + -2?
13452402
In base 10, what is -35374 + -6?
-35380
In base 14, what is 30 - 625?
-5d5
In base 5, what is -4 + -3220330?
-3220334
In base 10, what is -600 + -1333?
-1933
In base 8, what is -155 - 54?
-231
In base 11, what is 1894a - 0?
1894a
In base 3, what is -12 - 200202211?
-200210000
In base 8, what is -2025 + 161?
-1644
In base 16, what is 0 - af00?
-af00
In base 8, what is 3066 - 6104?
-3016
In base 12, what is 482 + 3?
485
In base 9, what is 30703 - -33?
30736
In base 11, what is 10a9543 + -4?
10a953a
In base 10, what is -3 - -57598?
57595
In base 7, what is 16 - -4054?
4103
In base 6, what is -2 + -1025141?
-1025143
In base 3, what is 121010 - 21200?
22110
In base 7, what is 3514 - 55?
3426
In base 3, what is -1220212222002 - 11?
-1220212222020
In base 7, what is -421 + -30022?
-30443
In base 12, what is -bb3 - -21?
-b92
In base 13, what is 4 + 213c49?
213c50
In base 4, what is -1321 + -3223121?
-3231102
In base 5, what is 1103401 - -132?
1104033
In base 12, what is 161a - 13?
1607
In base 10, what is 0 - -152204?
152204
In base 15, what is -5 - -9c54d?
9c548
In base 3, what is -21212120 - 22222?
-22012112
In base 4, what is 12 - 131323332?
-131323320
In base 8, what is 4 - 34471?
-34465
In base 10, what is 4 + -1678?
-1674
In base 15, what is -1 - -7762?
7761
In base 9, what is 4463702 + 4?
4463706
In base 16, what is 80f + -23c?
5d3
In base 6, what is 154 + 11000?
11154
In base 7, what is -41 + -32335?
-32406
In base 15, what is -131a2 + -1a?
-131bc
In base 12, what is -57691 + 9?
-57684
In base 9, what is 10517 + 0?
10517
In base 4, what is 11 + 20013202?
20013213
In base 9, what is -2 - 80470?
-80472
In base 4, what is 211 - 13113?
-12302
In base 10, what is -287191 - -4?
-287187
In base 14, what is 4 + -175b6b?
-175b67
In base 5, what is -1311410 - 4?
-1311414
In base 3, what is 12212 - 2200121?
-2110202
In base 2, what is -10100 + 111110100110100?
111110100100000
In base 3, what is 200 + -20021112?
-20020212
In base 7, what is -1502 - 11021?
-12523
In base 10, what is -48 - 4675?
-4723
In base 9, what is -215833 + -4?
-215837
In base 5, what is 323 + 20010?
20333
In base 13, what is -2 - 82992?
-82994
In base 16, what is 5 + 97e2?
97e7
In base 6, what is -4 - 103520?
-103524
In base 4, what is -10011330 - 1303?
-10013233
In base 5, what is 30303 + -14?
30234
In base 16, what is 2 + 2b6?
2b8
In base 8, what is 7303 + 41?
7344
In base 5, what is -1 + 102432?
102431
In base 7, what is -3154664 + 3?
-3154661
In base 10, what is -3472 - -9?
-3463
In base 8, what is 5 - -61054?
61061
In base 15, what is 21366 - -5?
2136b
In base 13, what is 622a1 - -4?
622a5
In base 9, what is -2277 - -6?
-2271
In base 13, what is 36b0 - b?
36a2
In base 5, what is -3000 + -31332?
-34332
In base 15, what is -a56 - -25?
-a31
In base 12, what is -2 + -18a8?
-18aa
In base 16, what is -5cfca - -5?
-5cfc5
In base 15, what is 998 - 3?
995
In base 14, what is 4 + 19c73?
19c77
In base 9, what is -50076 - -1?
-50075
In base 15, what is 3 - a5e7a?
-a5e77
In base 16, what is -5 + -4460c?
-44611
In base 9, what is -114028 - -21?
-114007
In base 7, what is -51212 - -263?
-50616
In base 16, what is -4 - -bcd?
bc9
In base 10, what is 9062 - 7?
9055
In base 7, what is -542 + 1155?
313
In base 16, what is 925 + -13?
912
In base 15, what is -9646 + 9?
-963c
In base 10, what is -16 + 59865?
59849
In base 14, what is -1 + 4346?
4345
In base 16, what is cf37 - 4?
cf33
In base 12, what is 5 - -20952?
20957
In base 2, what is -1010110101 + 100000?
-1010010101
In base 15, what is -12278 - 20?
-12298
In base 8, what is -2 + -2233721?
-2233723
In base 9, what is 5282 + 42?
5334
In base 12, what is 4765a7 + -2?
4765a5
In base 16, what is 6cc3 - -e?
6cd1
In base 16, what is 12 - -e31?
e43
In base 5, what is -11 + 3312132?
3312121
In base 3, what is -11 + -121110111?
-121110122
In base 7, what is 0 + -1006545?
-1006545
In base 11, what is 1031 + 39?
106a
In base 14, what is -294 - 33?
-2c7
In base 16, what is -900 - 10?
-910
In base 5, what is -133123 - 0?
-133123
In base 10, what is -5 - -233744?
233739
In base 10, what is 4119 + 306?
4425
In base 4, what is 103032111100 + 0?
103032111100
In base 12, what is 23 + 1334?
1357
In base 9, what is 1 + -1663711?
-1663710
In base 2, what is 1010110111 + 11001111?
1110000110
In base 13, what is 17bc - -30?
181c
In base 9, what is -388836 - -1?
-388835
In base 14, what is 27443 + -6?
2743b
In base 13, what is 41cc8 - 0?
41cc8
In base 11, what is -392 + -a?
-3a1
In base 8, what is -7 - 1353?
-1362
In base 12, what is -259 - -485?
228
In base 13, what is -a - 3b74?
-3b81
In base 15, what is b45 + 5?
b4a
In base 11, what is 23 + 6670?
6693
In base 7, what is -1 + -1306020?
-1306021
In base 16, what is 2 - 5135?
-5133
In base 15, what is 4a76 + -4?
4a72
In base 3, what is -22000 + -22022?
-121022
In base 15, what is 279a0 + -2?
2799d
In base 15, what is -1b66 - -7?
-1b5e
In base 13, what is -b - 8134?
-8142
In base 9, what is 33 - -76455?
76488
In base 5, what is -13 - -104310222?
104310204
In base 12, what is 27 - 1b6?
-18b
In base 8, what is -16663 + 102?
-16561
In base 4, what is -1102132 + 1111?
-1101021
In base 3, what is 1202002022 + -120?
1202001202
In base 9, what is 233 - 32806?
-32563
In base 3, what is 0 + -1212201102?
-1212201102
In base 8, what is -3 - -5514022?
5514017
In base 3, what is -11010001 + 212?
-11002012
In base 16, what is 3 - 5bca4?
-5bca1
In base 12, what is 98430 + -6?
98426
In base 7, what is -3 - 215405?
-215411
In base 5, what is 41323 + -2411?
33412
In base 6, what is 2 - -51450401?
51450403
In base 14, what is 45ba - -62?
463c
In base 16, what is -f - -e167?
e158
In base 13, what is 5 + -33aa?
-33a5
In base 6, what is 3224 - 2313?
511
In base 2, what is -100 + 10101011010110101?
10101011010110001
In base 7, what is -23160312 - 3?
-23160315
In base 4, what is 31 + 202231120?
202231211
In base 3, what is 222221212 + -110?
222221102
In base 14, what is -3 + 21d?
21a
In base 14, what is 4d92d + 4?
4d933
In base 12, what is -46a9 + -21?
-470a
In base 9, what is -116 - -1348?
1232
In base 4, what is 31 - 30201110?
-30201013
In base 12, what is 17041 + -2?
1703b
In base 7, what is -1451 + -20234?
-22015
In base 12, what is -125 - 361?
-486
In base 10, what is 32 - 27178?
-27146
In base 5, what is -121430 - -20?
-121410
In base 15, what is b708 + 4?
b70c
In base 15, what is -4 - 20ae?
-20b3
In base 8, what is 1 + -6102?
-6101
In base 5, what is 2 + -213444222?
-213444220
In base 4, what is 11 - -1003220?
1003231
In base 8, what is -26233 + 26?
-26205
In base 12, what is -a8380 + -11?
-a8391
In base 9, what is 368 + -48?
320
In base 2, what is 100110001101 - -11010110?
101001100011
In base 16, what is 205 - -c1?
2c6
In base 2, what is -10001001110100101 - -11?
-10001001110100010
In base 16, what is 6 - -5824?
582a
In base 5, what is 1123211 - -1?
1123212
In base 4, what is 3320212 - 320?
3313232
In base 16, what is -1 + 67d6?
67d5
In base 16, what is 3 - -ca7a6?
ca7a9
In base 5, what is 11441 - 120?
11321
In base 9, what is 7 + -400845?
-400837
In base 7, what is 13663 + -52?
13611
In base 13, what is -b176b0 + 3?
-b176aa
In base 4, what is 11 + 1003011102?
1003011113
In base 9, what is 1 + -25750?
-25748
In base 5, what is 200 + 142400?
143100
In base 4, what is 11 - -12300002?
12300013
In base 8, what is -2 + -72542?
-72544
In base 10, what is -223 + 3995?
3772
In base 16, what is 187 